at is the units digit of j?
2
What is the tens digit of (-2)/5 + (-13)/(780/(-2062224))?
7
Let m = -65 + 53. Let b = -10 - m. What is the units digit of (-6)/(-7)*(6 - -15) + b?
0
Let d(b) = b**2 + 16*b - 124. Let i be d(6). Suppose -i*s + 3563 = -s. What is the units digit of s?
9
Suppose 79*m + 28 = 72*m. What is the units digit of -3 - ((-68 - 16/m) + -2)?
3
Let r(u) = 3*u**2 - 65*u - 7*u**2 - 16 + 53 + u**2. What is the hundreds digit of r(-16)?
3
Let k(r) = 10*r - 3 + 8*r**2 + r**3 + 5*r**2 - 26. Let x be k(-12). Let l(w) = 2*w**2 + 6*w + 10. What is the units digit of l(x)?
0
What is the thousands digit of (-4 + 9 + 961)*(38/3 + -1)?
1
Let i = 8932 + -3580. What is the thousands digit of i?
5
Suppose 11*r + 6 = 12*r. Suppose -2*h + 2 = -r. Suppose -h*d + 152 = a, -3*d + 2*a - a + 107 = 0. What is the tens digit of d?
3
Suppose -6*c + 4*c = 2*t - 7988, -t + 3986 = 5*c. Let a = -2214 + t. What is the units digit of a?
2
Suppose 4*l - 215974 = 2795*q - 2797*q, -2*q = 5*l - 269971. What is the hundreds digit of l?
9
Suppose -u - 16 = u. Let i be u/12*(-1986)/(-4). What is the tens digit of (-6)/(-24) + i/(-4)?
8
Let y(k) = -2017*k**3 - 123*k**2 - 243*k + 3. What is the hundreds digit of y(-2)?
1
Let h(x) = -5*x**2 - 22*x + 18. Let v be h(-5). Suppose 2*d - 2*i - 2558 = 0, v*d - 4*i - 1269 = 2573. What is the thousands digit of d?
1
Suppose -9*d + 3*f + 4 = -8*d, -4*d + f + 16 = 0. Suppose 4*i - 830 = 2*l + 2750, -16 = -d*l. What is the units digit of i?
7
Let b(n) = 2*n**3 - 2*n**2 + 2*n + 5. Suppose -q + 20 = -6. Suppose -8 = -q*d + 24*d. What is the tens digit of b(d)?
0
Let f be 57*6*(-2)/(-18). Suppose w - d - 231 = -f, -w - 2*d = -190. What is the tens digit of w?
9
Let q be (22905/60)/(6/(-4))*-2. Let h = q + 777. What is the tens digit of h?
8
Suppose -154*h + 902620 + 3925850 = 61*h. What is the ten thousands digit of h?
2
Let q(u) = -20*u + 4. Let l(a) = -a. Let n be 2 - -1 - (15 + -17). Let d(c) = n*l(c) - q(c). What is the tens digit of d(4)?
5
Let y(l) = 27*l**2 - 16*l - 154. What is the hundreds digit of y(22)?
5
Suppose -34*t + 200149 + 135735 = 84522. What is the tens digit of t?
9
Suppose 6*s = 17450 + 33892. What is the tens digit of s?
5
Let b = -1 - -2. Let u(x) = x - 3. Let k be u(8). What is the units digit of (k - (6 + b))/(2/(-38))?
8
Suppose 4*z - 5*y = -932, 4*y + 1204 = -5*z + 80. Let s = z + 1434. What is the hundreds digit of s?
2
Suppose -187 - 1128 = 5*l. Let d = l - -428. What is the tens digit of d?
6
Suppose 5*m + 4*u - 8 = -0*m, m = -4*u + 8. Let h = 660 - m. What is the tens digit of h?
6
What is the tens digit of 969 - (-8)/(-12)*-21?
8
Let f(r) be the second derivative of r**4/2 - 7*r**3/2 - r**2 + 5*r. What is the hundreds digit of f(-6)?
3
Suppose p + 4 = 4*q, 3*q - 13 = -5*p + 13. Suppose -163 = p*s - 3363. What is the hundreds digit of s?
8
Suppose 4*s - 5*h = 250, -3*s = -0*h + 4*h - 203. Suppose 5*q - 7 - 48 = -5*k, -5*k = -5*q + s. What is the units digit of (696/48)/(1 - 10/q)?
7
Suppose 130 = 5*s - 360. Suppose -20 = -4*z, r = z - 4*z + s. Let f = 84 - r. What is the units digit of f?
1
Let x(v) = 280*v - 28. Let y be x(5). Suppose -5*i + y = -268. What is the hundreds digit of i?
3
Let j be (-2 + -349)*(-1)/1. Let i = j - -146. What is the hundreds digit of i?
4
Let l = 38 + 17. Let w = -55 + l. Suppose 7*u - 282 - 110 = w. What is the tens digit of u?
5
What is the hundreds digit of 6*((-78)/351)/(4/(-12018))?
0
Let i be 8757/556 - (-2)/(-8)*-1. Let t be 2/(-6) + 5/15. What is the tens digit of (172 - t) + 3/((-12)/i)?
6
Suppose 2*b - b - 50 = 0. Let o = 4815 + -4805. Let t = b + o. What is the units digit of t?
0
Let a = 31322 + -17946. What is the thousands digit of a?
3
Let o(u) = 2*u**3 + 73*u**2 + 142*u - 92. Let r(y) = -y**3 - 37*y**2 - 71*y + 47. Let q(m) = -3*o(m) - 5*r(m). What is the tens digit of q(-32)?
6
Suppose 8*z - 124*z = -56724. What is the units digit of z?
9
Let j = 24 + -21. Suppose -4*a - 25 = a, 1004 = j*l + 2*a. What is the tens digit of l?
3
What is the units digit of (-14)/10 + 15236364/660?
4
Suppose -14 = -4*v - 18, 3*n + 3*v - 1383 = 0. Let f = -3 + n. What is the hundreds digit of f?
4
Let b = 45415 - 11448. What is the tens digit of b?
6
Let z = -201 - -457. Let g = z + -138. Suppose -2*u + g = p, -p - 3*u + 123 = -0*p. What is the tens digit of p?
0
Suppose 0 = -8*u + 119 + 7433. Let f = 1468 - u. What is the tens digit of f?
2
Let c = 223 - 639. What is the hundreds digit of (c/(-24)*-39)/(-2)?
3
Let y = 2488 + 16330. What is the hundreds digit of y?
8
Let z(w) = 2*w**3 - 29*w**2 - 34*w - 172. What is the tens digit of z(21)?
4
Let i = 181 - -10462. What is the thousands digit of i?
0
What is the units digit of 29169 - 1 - (3 - 2)/((-71)/426)?
4
Let h = -1344 + 535. Let n = -233 - h. What is the tens digit of n?
7
Let n(m) = 125*m**3 + 12*m - 36. What is the tens digit of n(3)?
7
Suppose 0 = 14*t - 7963 - 5967. Suppose o = 4*i - 2005, 2*i = -5*o + 8*o + t. What is the hundreds digit of i?
5
What is the hundreds digit of (1/8*828)/(6/376)?
4
Let g = -4775 + 5127. Let s(r) = -r**2 - 5*r - 2. Let i be s(-4). Suppose -3*n + k = -g - 73, i*k = -n + 151. What is the hundreds digit of n?
1
Suppose -4*i = -4*c - 11316, 4*i + 5*c = 15011 - 3668. Let y = i + -1953. What is the units digit of y?
9
Let a = 38 - 32. Suppose -a*n + 4*n = -784. What is the tens digit of n?
9
Let p(h) = h**3 - 32*h**2 + 2*h - 78. Let f be p(32). What is the tens digit of (21/f)/((-12)/(-8656)*-2)?
4
Suppose 8*v - 3 = 7*v. Suppose 9*p = -v*p + 12. What is the units digit of p?
1
Let u = 19250 - 8721. What is the ten thousands digit of u?
1
Let m be 208/(-3)*(-168)/32. Suppose 2*g + 4*f + 172 = 4*g, 4*g - m = 3*f. What is the tens digit of g?
9
Let t(m) = -184*m - 8. Let q be t(-4). Suppose 10*g = 3*g + q. What is the tens digit of g - (0 - (-2 + 6))?
0
Let h(r) be the second derivative of -19*r**3 - 21*r**2 + 122*r. What is the units digit of h(-4)?
4
Let q = 20163 + 8980. What is the ten thousands digit of q?
2
Suppose -5862 = 10*c + 6688. Let k = -627 - c. What is the units digit of k?
8
Let l(u) = 201*u - 205. Let j be l(28). Suppose 5*n + a + a - j = 0, 2*n - 5*a = 2175. What is the units digit of n?
5
Let q = -144 + 309. Suppose -264 = -q*j + 153*j. What is the tens digit of j?
2
Suppose 17*i - 149109 = 18137. What is the hundreds digit of i?
8
Let i = 3 - -4. Suppose -2*b = -i*b - 60. What is the units digit of 10*(-2)/(16/b)?
5
Let w(z) = 7*z**2 - 17*z + 11. Let f be w(-12). Suppose 0 = 5*v - 4907 - f. What is the tens digit of v?
2
Let i(v) = 35*v**3 - 7*v**2 + 22*v + 6. What is the hundreds digit of i(4)?
2
Let q be 67/(-268) + (-2)/8*-29. Let u(b) be the first derivative of b**3 - 7*b**2 - 5*b - 1. What is the tens digit of u(q)?
4
Let g = 67 + -71. Let v be (4 - (-39)/6)*12 - g. Let r = v + -72. What is the units digit of r?
8
Let d(g) = -28848*g - 432. What is the thousands digit of d(-1)?
8
Let q = -80 - -141. Let c = 65 - q. Suppose o + 37 - 143 = 5*r, -o - c*r = -61. What is the units digit of o?
1
Suppose 7*p + 3*k = 4*p + 15585, 2*k = 4. What is the hundreds digit of p?
1
Let g = -1329 - -2754. Suppose 7*m - 948 = g. What is the tens digit of m?
3
Let b(z) = 6 + 12*z**2 - 2*z + 15*z**2 + z**3 - 24*z**2. What is the tens digit of b(3)?
5
Suppose 10*v = -32*v + 424073 + 292825. What is the units digit of v?
9
Suppose 2*y + 28 = 6*y - 2*f, 18 = 2*y - 2*f. Suppose y*p - 36 = p. Let j(b) = -b + 54. What is the units digit of j(p)?
5
Let k = 7 + 0. Suppose c = -2*b + 1050, 3*c = 5*b - k*b + 3170. What is the units digit of c?
0
Let s(p) = p**3 - 10*p**2 - 6*p + 65. Let g be s(11). Let r = g + -85. What is the tens digit of r?
3
Suppose 71*t - 92*t + 116172 = 0. What is the tens digit of t?
3
Let a(q) = -10*q - 2. Let n be a(2). Let c be (-2)/5*(n + 17). Suppose 4*y + 6*j - 684 = c*j, 2*j = y - 180. What is the hundreds digit of y?
1
Suppose -5*f + 13*f - 19224 = 0. Let g = -1226 + f. Suppose -a = 10*a - g. What is the tens digit of a?
0
Let f(v) = -2*v**2 - 19*v - 5. Let w be f(-9). Let l(h) = -20 + 4*h + 1 + 2 - w. What is the tens digit of l(9)?
1
Let l = 55180 + -29066. What is the hundreds digit of l?
1
Let b be (-790)/(-20) - (-5)/10. Let t(p) = -p**3 + 38*p**2 + 96*p - 28. 